he prime factors of f.
2, 7
Let a(w) = 2*w**2 - 8*w. Let s be a(6). Let g(p) = 11*p - 15. Let k be g(5). Suppose -4*v = -s - k. What are the prime factors of v?
2
Let n(t) = -t**3 - 6*t**2 - 7*t - 30. Let r be n(-6). Let h(s) = 5*s - 41. What are the prime factors of h(r)?
19
Let t = 8 - 4. Let x(a) = -2*a + 14. Let h be x(-6). Let y = t + h. What are the prime factors of y?
2, 3, 5
Let h(v) = -v**3 + v + 47. Let s be h(0). Let o(f) = -f**3 - 6*f**2 + 10*f + 1. Let b be o(-8). Suppose b = 4*m - s. What are the prime factors of m?
2, 3
Suppose 5*y - 340 = -3*t, 0 = 2*y + 3*y - 4*t - 375. Let b = 50 + y. List the prime factors of b.
11
List the prime factors of (-117)/39 + 409 + 1 + -2.
3, 5
Let d = 2405 + -1240. What are the prime factors of d?
5, 233
Let h be (2 + 2)/(4/142). Let i = h - 200. Let s = 101 + i. What are the prime factors of s?
43
Let w = -10 + 11. Let i = 3 - w. Suppose -5*t = -25, -2*v - 2*t = i*v - 26. What are the prime factors of v?
2
Let a(q) = -7*q + 5. Let c be a(2). Let f(r) = r**2 + 8*r + 2. What are the prime factors of f(c)?
11
Let j(y) = 4*y**2 + 5*y + 21. List the prime factors of j(7).
2, 3, 7
List the prime factors of 0 - -1 - -2514 - (7 + -1).
13, 193
What are the prime factors of (5 - 5/10)*62?
3, 31
Suppose 2*o + 465 = 7*o. Let u = -50 + o. Suppose -3*w + u = -29. List the prime factors of w.
2, 3
Suppose 3*g - 259 = j, 3*j = -g - 2*j + 81. Suppose -5*o - g = -621. What are the prime factors of o?
107
Suppose 0 = -b + 75 + 180. What are the prime factors of b?
3, 5, 17
Let q(m) = -48*m - 4. Let o be q(-4). Let v = o - 105. List the prime factors of v.
83
Suppose -5*w + 10178 = -0*r - 3*r, 10174 = 5*w + r. List the prime factors of w.
5, 11, 37
Let d(c) = 39*c - 1226. List the prime factors of d(75).
1699
Let k(j) = -j**3 + 10*j**2 + 7*j + 29. Let o be k(12). Let p = 47 - o. List the prime factors of p.
2, 3, 37
Let k = 1424 - 896. What are the prime factors of k?
2, 3, 11
Suppose 44 = 5*x + 2*q - 0, 3*q = -3*x + 30. Suppose -9 = -x*f + 7. Suppose 5*g + 5*r + 0*r = 0, -20 = -f*g + 3*r. List the prime factors of g.
2
Let c = 973 + -573. Suppose -4*j + 292 = -4*k, 4*k + 2*j + c = -k. What are the prime factors of -1 - k - (2 + -1)?
2, 19
Let d = -52 - -60. Let f = -8 + 23. Suppose d*r = 13*r - f. What are the prime factors of r?
3
Let u be (-6 + (-1)/(-1))*-8. Let s = u + -184. What are the prime factors of (-2)/7 + s/(-14)?
2, 5
Let w = -9 - -7. Let y be w/(-10) - (-1694)/(-70). Let r = y + 69. What are the prime factors of r?
3, 5
Let u(a) = 11*a - 5. Let t(w) = -2. Let n(p) = t(p) - u(p). Let y be ((-9)/(-12))/(1/(-4)). What are the prime factors of n(y)?
2, 3
Suppose 5*m + 23 = 2*d, -4*d - 10*m = -14*m - 40. Suppose -5*i = d*i - 3794. What are the prime factors of i?
271
Let q(k) = k**2 + 13*k + 8. Let w be q(-13). Suppose -w*x + 1195 = -3*x. Let g = x + -171. What are the prime factors of g?
2, 17
Let h = -82 - -248. Let n = 324 - h. List the prime factors of n.
2, 79
Let k be (-4)/7*21/(-6). Let i(l) = 4*l**2. Let s(f) = 39*f**2. Let z(c) = 21*i(c) - 2*s(c). What are the prime factors of z(k)?
2, 3
Suppose -2*u - 2*f - 68 = -4*f, -3*u - 5*f - 86 = 0. Suppose 243 = -5*o - 52. Let d = u - o. List the prime factors of d.
3
Suppose 0 = 6*y - 742 - 338. Suppose -2*l - 350 = -6*l + 3*h, -2*l + y = h. What are the prime factors of l?
89
Suppose -4*k - k + 1620 = 0. List the prime factors of k.
2, 3
Suppose -3 = x - 4. Let i(f) = 212*f - 3. What are the prime factors of i(x)?
11, 19
Let t be (-1746)/15*(-25)/10. Let n = t - 207. List the prime factors of n.
2, 3, 7
What are the prime factors of -13 + 10 + (0 - 2) - -509?
2, 3, 7
Suppose -84 = 2*n + n. Let i = 74 + -30. Let k = i + n. List the prime factors of k.
2
Let y(d) = 2*d**2 - 30*d + 183. What are the prime factors of y(40)?
37, 59
Let d = 13 + -105. Let g = -62 - d. List the prime factors of g.
2, 3, 5
Let c(d) = d**3 + d**2 - 3*d - 4. Let f(x) = -2*x**3 + 6*x**2 - x - 3. Let y be f(2). List the prime factors of c(y).
23
Suppose 2*o + 2*a + 717 = 3747, -5*o + 7554 = -2*a. List the prime factors of o.
2, 3, 7
Suppose -5*v + 60 = -3*v. Suppose 9 = -4*o - 27. Let t = v + o. List the prime factors of t.
3, 7
Let m(l) = -468*l - 269. What are the prime factors of m(-6)?
2539
List the prime factors of 272/(-68) + (-1 - -5708).
3, 1901
Let c(x) = 2*x**2 - 2*x - 3. Let a(n) = n**3 - 15*n**2 + 12*n + 25. Let m be a(14). List the prime factors of c(m).
3, 7
Let v(x) = -21*x + 2. List the prime factors of v(-16).
2, 13
Suppose 5*d + 0 = 15. Suppose -7 = g - d. Let s = g - -33. List the prime factors of s.
29
List the prime factors of 6/(-15)*(7 + -1612).
2, 3, 107
Suppose 4*f - 16 = 3*l - f, -5*f = -2*l - 14. Let t = l + 99. What are the prime factors of t?
97
Let s be (2/(-4))/(2/(-36)). Let w be 21 - 6/((-15)/(-5)). Let m = w + s. What are the prime factors of m?
2, 7
Let p = -130 - -194. Suppose -1 - 17 = -9*r. Suppose -4*v - p = -r*t, -v - 20 - 16 = -t. What are the prime factors of t?
2, 5
Let t = 121 + -113. List the prime factors of 6/t + 10049/52.
2, 97
Let h = 46 - -14. Suppose 2*y + h = 530. List the prime factors of y.
5, 47
Suppose -4*h - 10 = -2*h - 4*k, 4*h - 28 = -4*k. Suppose -4*b - 23 = -3*j - h, -j = -3*b - 10. What are the prime factors of (-5 + 4)*-11 - j?
7
What are the prime factors of 6/(-30) + (-281)/(-5)?
2, 7
Let n(j) = -j**2 - 5*j - 3. Let g be n(-4). Suppose -11 = -2*l - g. Suppose 5*z = -c + 72, -3*c - 68 = -l*z + 16. List the prime factors of z.
3, 5
Suppose 4*j - 3*j = -3. Let h = j + 5. List the prime factors of (93/h)/((-6)/(-8)).
2, 31
List the prime factors of (7 - 4)/((-15)/(-985)).
197
Suppose 0 = 3*z + 3*u + 393, -5*z + 2*u = -0*z + 634. Let t = 233 + z. List the prime factors of t.
3, 5, 7
Suppose -3*h - 184 = 17. Let w be -36 - (-1)/(2/(-4)). Let b = w - h. List the prime factors of b.
29
Let l = -3485 - -6602. List the prime factors of l.
3, 1039
Let b(w) = 9*w**2 + 10*w - 50. List the prime factors of b(7).
461
Let h = -71 - -131. Suppose -m + 2*l + 117 = 0, 4*m - 3*l - 129 = 334. Let v = m - h. List the prime factors of v.
5, 11
Suppose 32 = 2*r - r. Let g be (-18 + 33)*3/(-3). What are the prime factors of r/(-12)*g/4?
2, 5
Let x(r) = 21*r**2 + r. Let l be x(5). Suppose 4*u - 3*u - 2*w - 119 = 0, -5*u + l = 3*w. What are the prime factors of u?
109
Suppose 0 = 35*t - 20*t - 40260. List the prime factors of t.
2, 11, 61
Suppose 22 - 7 = 3*j. Suppose 0 = 3*r - 4*r - 5*o + 59, 275 = 5*r + j*o. What are the prime factors of r?
2, 3
Let v be ((-12)/(-30))/(2/30). Let y = v - 6. Suppose m - 4*d = 22, y*m + 4*m - 103 = d. What are the prime factors of m?
2, 13
Suppose 6*o - 15 = 3*o. Suppose g + 3*k - 73 = 0, 0*g - o*g - k + 351 = 0. List the prime factors of g.
2, 5, 7
Let t(x) = -x**3 + 8*x**2 + 21*x + 7. Let v be t(10). Let c(a) = -a**3 + 18*a**2 - 9*a - 17. List the prime factors of c(v).
7, 17
Suppose -g - 5*j + 20 = 0, g + 5*j = -2*g + 20. Suppose 0 = 5*f - 2*k - 30, 2*f - 4*k - 6 = -2*k. Suppose -4*m + f*m - 40 = g. List the prime factors of m.
2, 5
Suppose 2*s + 2*f + 2 = 4, -2*f + 8 = 5*s. Let b(v) = 2*v**2 + 4 - 3*v - s - 5. What are the prime factors of b(-2)?
11
Let d be 404/(-24) + (-1)/6. Let j = d - -73. List the prime factors of j.
2, 7
Suppose -f + 3*p + 92 = 0, 0*f + 4*p = -f + 113. Let c = f + -6. Suppose -5*r + 5*x = -c, 4*r = 3*r - 2*x + 31. What are the prime factors of r?
23
Suppose -4*d - 2*b = -b + 13, 1 = 2*d - b. Let k be (-77)/14*d*1. What are the prime factors of k + 2 - (-5 + 2)?
2
Suppose 5*r + 15140 = -11*a + 16*a, -3*r + 15148 = 5*a. List the prime factors of a.
13, 233
Suppose w - 3*w = -128. Let m be (-3)/2*(-4 - w). Suppose 5*c = m - 17. List the prime factors of c.
17
Let m be (0/(-7))/((-6)/3). Suppose m = -z + 2*z - 41. List the prime factors of z.
41
Let f = 682 + -432. List the prime factors of f.
2, 5
Let x = -2 + 2. Let c(u) = u + 10 - 12*u + 5*u + 5*u. List the prime factors of c(x).
2, 5
Let z(w) = w**3 - 21*w**2 - 10*w + 11. List the prime factors of z(22).
5, 11
Let y be 1*-4 - (-6)/1. Suppose -j = -2*k - y*k + 75, -2*k + 5*j + 51 = 0. List the prime factors of k.
2, 3
Let r(o) = 16 + 10*o - 15*o + 18*o + 2*o**2. What are the prime factors of r(-8)?
2, 5
Let o(r) = 93*r**2 - 22*r +